{"id":6098,"date":"2018-07-04T12:28:34","date_gmt":"2018-07-04T10:28:34","guid":{"rendered":"http:\/\/www.heimspiel-filmfest.de\/?page_id=6098"},"modified":"2023-07-07T20:14:43","modified_gmt":"2023-07-07T18:14:43","slug":"verein","status":"publish","type":"page","link":"https:\/\/www.transit-filmfest.de\/archiv\/infos\/verein\/","title":{"rendered":"Verein"},"content":{"rendered":"\n<h2>H\u00f6r &amp; Schau e.V.<\/h2>\n\n\n\n<p>Zweck des gemeinn\u00fctzigen Vereins ist die F\u00f6rderung von audiovisueller Kunst und Kultur in Regensburg. Im Zentrum steht dabei Film als k\u00fcnstlerisch, kulturhistorisch und gesellschaftspolitisch relevante Kunstform sowie als gegenw\u00e4rtiger Forschungsgegenstand und Repr\u00e4sentationsmedium. Dabei ist auch das unabh\u00e4ngige, experimentelle, unterrepr\u00e4sentierte und randst\u00e4ndige Kino von Interesse. Ein weiterer Fokus liegt auf der F\u00f6rderung visueller, audiovisueller und medien\u00fcbergreifender Ausdrucksformen der Medien- und Videokunst, u.a. in Form von VJing bei Live-Konzerten. Als zu erhaltende und zu vergegenw\u00e4rtigende Kulturg\u00fcter, die sonst nicht oder nur limitiert in Regensburg gegenw\u00e4rtig sind, sollen ausgew\u00e4hlte Filme und audiovisuelle Medienkunstwerke einer breiteren \u00d6ffentlichkeit zug\u00e4nglich gemacht werden. Kultureller Teilhabe und Bildungsarbeit kommt dabei besondere Bedeutung zu. Zu den unumst\u00f6\u00dflichen Grunds\u00e4tzen des Vereins z\u00e4hlt die Ablehnung gruppenbezogener Menschenfeindlichkeit wie Rassismus, Sexismus oder Homophobie.<\/p>\n\n\n\n<p>Sie k\u00f6nnen dem gemeinn\u00fctzigen Verein als <a href=\"https:\/\/www.transit-filmfest.de\/wp-content\/uploads\/2020\/08\/Antrag-Fo%CC%88rdermitgliedschaft.pdf\">F\u00f6rdermitglied beitreten<\/a> oder unter dem Stichwort \u201eTransit\u201c auf folgendes Konto spenden (Spendenquittung m\u00f6glich):<\/p>\n\n\n\n<p>H\u00f6r &amp; Schau e.V.<br>Sparkasse Regensburg<br>IBAN: DE31 7505 0000 0027 2683 74<br>BIC: BYLADEM1RBG<\/p>\n\n\n\n<h2>Kontakt und Satzung<\/h2>\n\n\n\n<p>H\u00f6r und Schau e. V.<br>Rote-Hahnen-Gasse 2<br>93047 Regensburg<\/p>\n\n\n\n<p>Vorstand: Marius Gardeia, Chrissy Grundl<\/p>\n\n\n\n<p><a href=\"https:\/\/www.transit-filmfest.de\/wp-content\/uploads\/2020\/05\/Vereinssatzung-Ho\u0308r-Schau-e.-V._blanko.pdf\" target=\"_blank\" aria-label=\"undefined (opens in a new tab)\" rel=\"noreferrer noopener\">Download pdf Satzung des Vereins<\/a><\/p>\n","protected":false},"excerpt":{"rendered":"<p>H\u00f6r &amp; Schau e.V. Zweck des gemeinn\u00fctzigen Vereins ist die F\u00f6rderung von audiovisueller Kunst und Kultur in Regensburg. Im Zentrum steht dabei Film als k\u00fcnstlerisch, kulturhistorisch und gesellschaftspolitisch relevante Kunstform sowie als gegenw\u00e4rtiger Forschungsgegenstand und Repr\u00e4sentationsmedium. Dabei ist auch das unabh\u00e4ngige, experimentelle, unterrepr\u00e4sentierte und randst\u00e4ndige Kino von Interesse. Ein weiterer Fokus liegt auf der F\u00f6rderung [&hellip;]<\/p>\n","protected":false},"author":19,"featured_media":15134,"parent":18,"menu_order":7,"comment_status":"closed","ping_status":"closed","template":"","meta":{"advgb_blocks_editor_width":"","advgb_blocks_columns_visual_guide":""},"coauthors":[],"author_meta":{"author_link":"https:\/\/www.transit-filmfest.de\/archiv\/blog\/author\/stefanie\/","display_name":"Stefanie Gstettner"},"relative_dates":{"created":"Posted 8\u00a0Jahren ago","modified":"Updated 3\u00a0Jahren ago"},"absolute_dates":{"created":"Posted on 4. Juli 2018","modified":"Updated on 7. Juli 2023"},"absolute_dates_time":{"created":"Posted on 4. Juli 2018 12:28","modified":"Updated on 7. Juli 2023 20:14"},"featured_img_caption":"","featured_img":"https:\/\/www.transit-filmfest.de\/archiv\/wp-content\/uploads\/2020\/04\/header_website_transit23-1.jpg","series_order":"","_links":{"self":[{"href":"https:\/\/www.transit-filmfest.de\/archiv\/wp-json\/wp\/v2\/pages\/6098"}],"collection":[{"href":"https:\/\/www.transit-filmfest.de\/archiv\/wp-json\/wp\/v2\/pages"}],"about":[{"href":"https:\/\/www.transit-filmfest.de\/archiv\/wp-json\/wp\/v2\/types\/page"}],"author":[{"embeddable":true,"href":"https:\/\/www.transit-filmfest.de\/archiv\/wp-json\/wp\/v2\/users\/19"}],"replies":[{"embeddable":true,"href":"https:\/\/www.transit-filmfest.de\/archiv\/wp-json\/wp\/v2\/comments?post=6098"}],"version-history":[{"count":24,"href":"https:\/\/www.transit-filmfest.de\/archiv\/wp-json\/wp\/v2\/pages\/6098\/revisions"}],"predecessor-version":[{"id":13619,"href":"https:\/\/www.transit-filmfest.de\/archiv\/wp-json\/wp\/v2\/pages\/6098\/revisions\/13619"}],"up":[{"embeddable":true,"href":"https:\/\/www.transit-filmfest.de\/archiv\/wp-json\/wp\/v2\/pages\/18"}],"wp:featuredmedia":[{"embeddable":true,"href":"https:\/\/www.transit-filmfest.de\/archiv\/wp-json\/wp\/v2\/media\/15134"}],"wp:attachment":[{"href":"https:\/\/www.transit-filmfest.de\/archiv\/wp-json\/wp\/v2\/media?parent=6098"}],"curies":[{"name":"wp","href":"https:\/\/api.w.org\/{rel}","templated":true}]}}

<h2>Hör &amp; Schau e.V.</h2>



<p>Zweck des gemeinnützigen Vereins ist die Förderung von audiovisueller Kunst und Kultur in Regensburg. Im Zentrum steht dabei Film als künstlerisch, kulturhistorisch und gesellschaftspolitisch relevante Kunstform sowie als gegenwärtiger Forschungsgegenstand und Repräsentationsmedium. Dabei ist auch das unabhängige, experimentelle, unterrepräsentierte und randständige Kino von Interesse. Ein weiterer Fokus liegt auf der Förderung visueller, audiovisueller und medienübergreifender Ausdrucksformen der Medien- und Videokunst, u.a. in Form von VJing bei Live-Konzerten. Als zu erhaltende und zu vergegenwärtigende Kulturgüter, die sonst nicht oder nur limitiert in Regensburg gegenwärtig sind, sollen ausgewählte Filme und audiovisuelle Medienkunstwerke einer breiteren Öffentlichkeit zugänglich gemacht werden. Kultureller Teilhabe und Bildungsarbeit kommt dabei besondere Bedeutung zu. Zu den unumstößlichen Grundsätzen des Vereins zählt die Ablehnung gruppenbezogener Menschenfeindlichkeit wie Rassismus, Sexismus oder Homophobie.</p>



<p>Sie können dem gemeinnützigen Verein als <a href="https://www.transit-filmfest.de/wp-content/uploads/2020/08/Antrag-Fo%CC%88rdermitgliedschaft.pdf">Fördermitglied beitreten</a> oder unter dem Stichwort „Transit“ auf folgendes Konto spenden (Spendenquittung möglich):</p>



<p>Hör &amp; Schau e.V.<br>Sparkasse Regensburg<br>IBAN: DE31 7505 0000 0027 2683 74<br>BIC: BYLADEM1RBG</p>



<h2>Kontakt und Satzung</h2>



<p>Hör und Schau e. V.<br>Rote-Hahnen-Gasse 2<br>93047 Regensburg</p>



<p>Vorstand: Marius Gardeia, Chrissy Grundl</p>



<p><a href="https://www.transit-filmfest.de/wp-content/uploads/2020/05/Vereinssatzung-Hör-Schau-e.-V._blanko.pdf" target="_blank" aria-label="undefined (opens in a new tab)" rel="noreferrer noopener">Download pdf Satzung des Vereins</a></p>

<p>Hör &amp; Schau e.V. Zweck des gemeinnützigen Vereins ist die Förderung von audiovisueller Kunst und Kultur in Regensburg. Im Zentrum steht dabei Film als künstlerisch, kulturhistorisch und gesellschaftspolitisch relevante Kunstform sowie als gegenwärtiger Forschungsgegenstand und Repräsentationsmedium. Dabei ist auch das unabhängige, experimentelle, unterrepräsentierte und randständige Kino von Interesse. Ein weiterer Fokus liegt auf der Förderung [&hellip;]</p>
